{"id":38,"date":"2019-01-12T20:40:23","date_gmt":"2019-01-12T19:40:23","guid":{"rendered":"http:\/\/cms.sportanglerverein-schiefbahn.de\/?page_id=38"},"modified":"2025-05-21T20:59:23","modified_gmt":"2025-05-21T19:59:23","slug":"gewaesser","status":"publish","type":"page","link":"https:\/\/www.sportanglerverein-schiefbahn.de\/?page_id=38","title":{"rendered":"Gew\u00e4sser"},"content":{"rendered":"\n<figure class=\"wp-block-gallery has-nested-images columns-2 is-cropped wp-block-gallery-1 is-layout-flex wp-block-gallery-is-layout-flex\">\n<figure class=\"wp-block-image size-large\"><a href=\"https:\/\/www.sportanglerverein-schiefbahn.de\/wp-content\/uploads\/2016\/11\/img_0563n.jpg\"><img loading=\"lazy\" decoding=\"async\" width=\"640\" height=\"480\" data-id=\"47\" src=\"https:\/\/www.sportanglerverein-schiefbahn.de\/wp-content\/uploads\/2016\/11\/img_0563n.jpg\" alt=\"\" class=\"wp-image-47\" srcset=\"https:\/\/www.sportanglerverein-schiefbahn.de\/wp-content\/uploads\/2016\/11\/img_0563n.jpg 640w, https:\/\/www.sportanglerverein-schiefbahn.de\/wp-content\/uploads\/2016\/11\/img_0563n-300x225.jpg 300w, https:\/\/www.sportanglerverein-schiefbahn.de\/wp-content\/uploads\/2016\/11\/img_0563n-450x338.jpg 450w\" sizes=\"auto, (max-width: 640px) 100vw, 640px\" \/><\/a><\/figure>\n\n\n\n<figure class=\"wp-block-image size-large\"><a href=\"https:\/\/www.sportanglerverein-schiefbahn.de\/wp-content\/uploads\/2016\/11\/img_0560n.jpg\"><img loading=\"lazy\" decoding=\"async\" width=\"640\" height=\"480\" data-id=\"45\" src=\"https:\/\/www.sportanglerverein-schiefbahn.de\/wp-content\/uploads\/2016\/11\/img_0560n.jpg\" alt=\"\" class=\"wp-image-45\" srcset=\"https:\/\/www.sportanglerverein-schiefbahn.de\/wp-content\/uploads\/2016\/11\/img_0560n.jpg 640w, https:\/\/www.sportanglerverein-schiefbahn.de\/wp-content\/uploads\/2016\/11\/img_0560n-300x225.jpg 300w, https:\/\/www.sportanglerverein-schiefbahn.de\/wp-content\/uploads\/2016\/11\/img_0560n-450x338.jpg 450w\" sizes=\"auto, (max-width: 640px) 100vw, 640px\" \/><\/a><\/figure>\n\n\n\n<figure class=\"wp-block-image size-large\"><a href=\"https:\/\/www.sportanglerverein-schiefbahn.de\/wp-content\/uploads\/2016\/11\/img_0558n.jpg\"><img loading=\"lazy\" decoding=\"async\" width=\"640\" height=\"480\" data-id=\"43\" src=\"https:\/\/www.sportanglerverein-schiefbahn.de\/wp-content\/uploads\/2016\/11\/img_0558n.jpg\" alt=\"\" class=\"wp-image-43\" srcset=\"https:\/\/www.sportanglerverein-schiefbahn.de\/wp-content\/uploads\/2016\/11\/img_0558n.jpg 640w, https:\/\/www.sportanglerverein-schiefbahn.de\/wp-content\/uploads\/2016\/11\/img_0558n-300x225.jpg 300w, https:\/\/www.sportanglerverein-schiefbahn.de\/wp-content\/uploads\/2016\/11\/img_0558n-450x338.jpg 450w\" sizes=\"auto, (max-width: 640px) 100vw, 640px\" \/><\/a><\/figure>\n\n\n\n<figure class=\"wp-block-image size-large\"><a href=\"https:\/\/www.sportanglerverein-schiefbahn.de\/wp-content\/uploads\/2016\/11\/img_0556n.jpg\"><img loading=\"lazy\" decoding=\"async\" width=\"640\" height=\"480\" data-id=\"41\" src=\"https:\/\/www.sportanglerverein-schiefbahn.de\/wp-content\/uploads\/2016\/11\/img_0556n.jpg\" alt=\"\" class=\"wp-image-41\" srcset=\"https:\/\/www.sportanglerverein-schiefbahn.de\/wp-content\/uploads\/2016\/11\/img_0556n.jpg 640w, https:\/\/www.sportanglerverein-schiefbahn.de\/wp-content\/uploads\/2016\/11\/img_0556n-300x225.jpg 300w, https:\/\/www.sportanglerverein-schiefbahn.de\/wp-content\/uploads\/2016\/11\/img_0556n-450x338.jpg 450w\" sizes=\"auto, (max-width: 640px) 100vw, 640px\" \/><\/a><\/figure>\n\n\n\n<figure class=\"wp-block-image size-large\"><a href=\"https:\/\/www.sportanglerverein-schiefbahn.de\/wp-content\/uploads\/2020\/02\/WhatsApp-Image-2020-02-15-at-12.15.20.jpeg\"><img loading=\"lazy\" decoding=\"async\" width=\"1030\" height=\"773\" data-id=\"607\" src=\"https:\/\/www.sportanglerverein-schiefbahn.de\/wp-content\/uploads\/2020\/02\/WhatsApp-Image-2020-02-15-at-12.15.20-1030x773.jpeg\" alt=\"\" class=\"wp-image-607\" srcset=\"https:\/\/www.sportanglerverein-schiefbahn.de\/wp-content\/uploads\/2020\/02\/WhatsApp-Image-2020-02-15-at-12.15.20-1030x773.jpeg 1030w, https:\/\/www.sportanglerverein-schiefbahn.de\/wp-content\/uploads\/2020\/02\/WhatsApp-Image-2020-02-15-at-12.15.20-300x225.jpeg 300w, https:\/\/www.sportanglerverein-schiefbahn.de\/wp-content\/uploads\/2020\/02\/WhatsApp-Image-2020-02-15-at-12.15.20-768x576.jpeg 768w, https:\/\/www.sportanglerverein-schiefbahn.de\/wp-content\/uploads\/2020\/02\/WhatsApp-Image-2020-02-15-at-12.15.20-1536x1152.jpeg 1536w, https:\/\/www.sportanglerverein-schiefbahn.de\/wp-content\/uploads\/2020\/02\/WhatsApp-Image-2020-02-15-at-12.15.20.jpeg 1600w\" sizes=\"auto, (max-width: 1030px) 100vw, 1030px\" \/><\/a><\/figure>\n\n\n\n<figure class=\"wp-block-image size-large\"><a href=\"https:\/\/www.sportanglerverein-schiefbahn.de\/wp-content\/uploads\/2020\/02\/WhatsApp-Image-2020-02-15-at-12.15.21.jpeg\"><img loading=\"lazy\" decoding=\"async\" width=\"1030\" height=\"773\" data-id=\"609\" src=\"https:\/\/www.sportanglerverein-schiefbahn.de\/wp-content\/uploads\/2020\/02\/WhatsApp-Image-2020-02-15-at-12.15.21-1030x773.jpeg\" alt=\"\" class=\"wp-image-609\" srcset=\"https:\/\/www.sportanglerverein-schiefbahn.de\/wp-content\/uploads\/2020\/02\/WhatsApp-Image-2020-02-15-at-12.15.21-1030x773.jpeg 1030w, https:\/\/www.sportanglerverein-schiefbahn.de\/wp-content\/uploads\/2020\/02\/WhatsApp-Image-2020-02-15-at-12.15.21-300x225.jpeg 300w, https:\/\/www.sportanglerverein-schiefbahn.de\/wp-content\/uploads\/2020\/02\/WhatsApp-Image-2020-02-15-at-12.15.21-768x576.jpeg 768w, https:\/\/www.sportanglerverein-schiefbahn.de\/wp-content\/uploads\/2020\/02\/WhatsApp-Image-2020-02-15-at-12.15.21-1536x1152.jpeg 1536w, https:\/\/www.sportanglerverein-schiefbahn.de\/wp-content\/uploads\/2020\/02\/WhatsApp-Image-2020-02-15-at-12.15.21.jpeg 1600w\" sizes=\"auto, (max-width: 1030px) 100vw, 1030px\" \/><\/a><\/figure>\n\n\n\n<figure class=\"wp-block-image size-large\"><a href=\"https:\/\/www.sportanglerverein-schiefbahn.de\/wp-content\/uploads\/2020\/02\/WhatsApp-Image-2020-02-15-at-12.15.21-1.jpeg\"><img loading=\"lazy\" decoding=\"async\" width=\"1030\" height=\"773\" data-id=\"608\" src=\"https:\/\/www.sportanglerverein-schiefbahn.de\/wp-content\/uploads\/2020\/02\/WhatsApp-Image-2020-02-15-at-12.15.21-1-1030x773.jpeg\" alt=\"\" class=\"wp-image-608\" srcset=\"https:\/\/www.sportanglerverein-schiefbahn.de\/wp-content\/uploads\/2020\/02\/WhatsApp-Image-2020-02-15-at-12.15.21-1-1030x773.jpeg 1030w, https:\/\/www.sportanglerverein-schiefbahn.de\/wp-content\/uploads\/2020\/02\/WhatsApp-Image-2020-02-15-at-12.15.21-1-300x225.jpeg 300w, https:\/\/www.sportanglerverein-schiefbahn.de\/wp-content\/uploads\/2020\/02\/WhatsApp-Image-2020-02-15-at-12.15.21-1-768x576.jpeg 768w, https:\/\/www.sportanglerverein-schiefbahn.de\/wp-content\/uploads\/2020\/02\/WhatsApp-Image-2020-02-15-at-12.15.21-1-1536x1152.jpeg 1536w, https:\/\/www.sportanglerverein-schiefbahn.de\/wp-content\/uploads\/2020\/02\/WhatsApp-Image-2020-02-15-at-12.15.21-1.jpeg 1600w\" sizes=\"auto, (max-width: 1030px) 100vw, 1030px\" \/><\/a><\/figure>\n<\/figure>\n\n\n\n<p>Der Verein bewirtschaftet seit 1970 die 7,5 ha gro\u00dfe Na\u00dfabgrabung im Naturschutzgebiet Neersener Bruch mit \u00f6stlich vorgelagerter Ruderalzone. Rekultivierungs- und Pflege-Ma\u00dfnahmen am Gew\u00e4sser, der Uferzonen und angrenzenden Bereiche sind f\u00fcr alle Mitglieder Pflicht. Mit der Verleihung des 1. Umweltschutzpreises der Stadt Willich im Jahre 1984 wurden diese vorbildlichen Aktivit\u00e4ten zur Erhaltung gef\u00e4hrdeter Tier- und Pflanzenarten honoriert.<br>Weitere Rekultivierungs- und Pflegema\u00dfnahmen brachten das Ergebnis, dass im Jahre 1999 vom Kreises Viersen das komplette Vereingel\u00e4nde mit dem Landschaftsplan Nr. 9 Willicher Lehmplatte unter Naturschutz gestellt wurde. Das Naturschutzgebiet tr\u00e4gt den Namen Neersener Bruch.<br>Angelm\u00f6glichkeit besteht nur im Rahmen einer Mitgliedschaft.<\/p>\n\n\n\n<p><a aria-label=\" (\u00f6ffnet in neuem Tab)\" href=\"https:\/\/www.sportanglerverein-schiefbahn.de\/wp-content\/uploads\/2016\/11\/SAV-Tiefenkarte.pdf\" target=\"_blank\" rel=\"noreferrer noopener\">Tiefenkarte vom Gew\u00e4sser<\/a><\/p>\n\n\n\n<p><a href=\"https:\/\/www.sportanglerverein-schiefbahn.de\/wp-content\/uploads\/2025\/05\/Wegbeschreibung_Vereinsgewaesser_SAV.pdf\" target=\"_blank\" rel=\"noreferrer noopener\">Wegbeschreibung zum Gew\u00e4sser<\/a><\/p>\n","protected":false},"excerpt":{"rendered":"<p>Der Verein bewirtschaftet seit 1970 die 7,5 ha gro\u00dfe Na\u00dfabgrabung im Naturschutzgebiet Neersener Bruch mit \u00f6stlich vorgelagerter Ruderalzone. Rekultivierungs- und Pflege-Ma\u00dfnahmen am Gew\u00e4sser, der Uferzonen und angrenzenden Bereiche sind f\u00fcr alle Mitglieder Pflicht. Mit der Verleihung des 1. Umweltschutzpreises der Stadt Willich im Jahre 1984 wurden diese vorbildlichen Aktivit\u00e4ten zur Erhaltung gef\u00e4hrdeter Tier- und Pflanzenarten &hellip; <\/p>\n<p><a class=\"more-link btn\" href=\"https:\/\/www.sportanglerverein-schiefbahn.de\/?page_id=38\">Weiterlesen<\/a><\/p>\n","protected":false},"author":2,"featured_media":0,"parent":0,"menu_order":0,"comment_status":"closed","ping_status":"closed","template":"","meta":{"footnotes":""},"class_list":["post-38","page","type-page","status-publish","hentry","nodate","item-wrap"],"_links":{"self":[{"href":"https:\/\/www.sportanglerverein-schiefbahn.de\/index.php?rest_route=\/wp\/v2\/pages\/38","targetHints":{"allow":["GET"]}}],"collection":[{"href":"https:\/\/www.sportanglerverein-schiefbahn.de\/index.php?rest_route=\/wp\/v2\/pages"}],"about":[{"href":"https:\/\/www.sportanglerverein-schiefbahn.de\/index.php?rest_route=\/wp\/v2\/types\/page"}],"author":[{"embeddable":true,"href":"https:\/\/www.sportanglerverein-schiefbahn.de\/index.php?rest_route=\/wp\/v2\/users\/2"}],"replies":[{"embeddable":true,"href":"https:\/\/www.sportanglerverein-schiefbahn.de\/index.php?rest_route=%2Fwp%2Fv2%2Fcomments&post=38"}],"version-history":[{"count":21,"href":"https:\/\/www.sportanglerverein-schiefbahn.de\/index.php?rest_route=\/wp\/v2\/pages\/38\/revisions"}],"predecessor-version":[{"id":878,"href":"https:\/\/www.sportanglerverein-schiefbahn.de\/index.php?rest_route=\/wp\/v2\/pages\/38\/revisions\/878"}],"wp:attachment":[{"href":"https:\/\/www.sportanglerverein-schiefbahn.de\/index.php?rest_route=%2Fwp%2Fv2%2Fmedia&parent=38"}],"curies":[{"name":"wp","href":"https:\/\/api.w.org\/{rel}","templated":true}]}}