{"id":76,"date":"2020-10-15T16:50:21","date_gmt":"2020-10-15T15:50:21","guid":{"rendered":"http:\/\/cms.sportanglerverein-schiefbahn.de\/?page_id=76"},"modified":"2026-01-15T10:21:52","modified_gmt":"2026-01-15T09:21:52","slug":"satzung","status":"publish","type":"page","link":"https:\/\/www.sportanglerverein-schiefbahn.de\/?page_id=76","title":{"rendered":"Vereins-Satzung und Vereins-Ordnungen"},"content":{"rendered":"\n<p><\/p>\n\n\n\n<p>Die aktuelle Vereins-Satzung und die aktuellen Vereins-Ordnungen k\u00f6nnen als gemeinsames PDF-Dokument hier abgerufen werde<br><br><a href=\"https:\/\/www.sportanglerverein-schiefbahn.de\/wp-content\/uploads\/2026\/01\/VereinssatzungOrdnungen.pdf\" target=\"_blank\" rel=\"noreferrer noopener\">Vereins-Satzung und Vereins-Ordnungen<br><\/a>(Stand: 09.01.2026)<\/p>\n\n\n\n<p>Sie k\u00f6nnen Ausz\u00fcge als Acrobat&#x2122; PDF Dokumente anschauen oder auf Ihren Rechner sichern. Um die Dokumente auf Ihrem Rechner zu \u00f6ffnen und drucken zu k\u00f6nnen, ben\u00f6tigen Sie den Acrobat&#x2122; Reader, mit dem entsprechenden Plug-In k\u00f6nnen Sie sie auch direkt im Web-Browser betrachten.<br>Kostenloser Download auf der Website der Firma Adobe.<\/p>\n\n\n\n<p><\/p>\n","protected":false},"excerpt":{"rendered":"<p>Die aktuelle Vereins-Satzung und die aktuellen Vereins-Ordnungen k\u00f6nnen als gemeinsames PDF-Dokument hier abgerufen werde Vereins-Satzung und Vereins-Ordnungen(Stand: 09.01.2026) Sie k\u00f6nnen Ausz\u00fcge als Acrobat&#x2122; PDF Dokumente anschauen oder auf Ihren Rechner sichern. Um die Dokumente auf Ihrem Rechner zu \u00f6ffnen und drucken zu k\u00f6nnen, ben\u00f6tigen Sie den Acrobat&#x2122; Reader, mit dem entsprechenden Plug-In k\u00f6nnen Sie sie &hellip; <\/p>\n<p><a class=\"more-link btn\" href=\"https:\/\/www.sportanglerverein-schiefbahn.de\/?page_id=76\">Weiterlesen<\/a><\/p>\n","protected":false},"author":2,"featured_media":0,"parent":0,"menu_order":0,"comment_status":"closed","ping_status":"closed","template":"","meta":{"footnotes":""},"class_list":["post-76","page","type-page","status-publish","hentry","nodate","item-wrap"],"_links":{"self":[{"href":"https:\/\/www.sportanglerverein-schiefbahn.de\/index.php?rest_route=\/wp\/v2\/pages\/76","targetHints":{"allow":["GET"]}}],"collection":[{"href":"https:\/\/www.sportanglerverein-schiefbahn.de\/index.php?rest_route=\/wp\/v2\/pages"}],"about":[{"href":"https:\/\/www.sportanglerverein-schiefbahn.de\/index.php?rest_route=\/wp\/v2\/types\/page"}],"author":[{"embeddable":true,"href":"https:\/\/www.sportanglerverein-schiefbahn.de\/index.php?rest_route=\/wp\/v2\/users\/2"}],"replies":[{"embeddable":true,"href":"https:\/\/www.sportanglerverein-schiefbahn.de\/index.php?rest_route=%2Fwp%2Fv2%2Fcomments&post=76"}],"version-history":[{"count":34,"href":"https:\/\/www.sportanglerverein-schiefbahn.de\/index.php?rest_route=\/wp\/v2\/pages\/76\/revisions"}],"predecessor-version":[{"id":908,"href":"https:\/\/www.sportanglerverein-schiefbahn.de\/index.php?rest_route=\/wp\/v2\/pages\/76\/revisions\/908"}],"wp:attachment":[{"href":"https:\/\/www.sportanglerverein-schiefbahn.de\/index.php?rest_route=%2Fwp%2Fv2%2Fmedia&parent=76"}],"curies":[{"name":"wp","href":"https:\/\/api.w.org\/{rel}","templated":true}]}}